 117 is divided by j?
27
What is the remainder when (124/(-8))/(3 + (-190)/60) is divided by 25?
18
Suppose -12*m + 4*v = -8*m - 14320, -4*m + 3*v + 14321 = 0. Calculate the remainder when m is divided by 78.
71
What is the remainder when 445 is divided by (3264/8 - -1) + (-3)/((-9)/6)?
34
Suppose -w + 7 = 0, -117*f + 122*f - 3*w = 3674. What is the remainder when f is divided by 104?
11
Let w = 1164 + -1129. Calculate the remainder when 954 is divided by w.
9
Suppose 76*s = -73*s + 143*s + 1104. Calculate the remainder when 11775 is divided by s.
183
Let g = 373 - 230. What is the remainder when g is divided by 15?
8
Let w = 1 + 5. Suppose -3*t + w = 9. What is the remainder when 6 is divided by -1*t/(-2)*(2 + -6)?
0
Let b be (-2794)/(-22) + 6/2. Suppose 2*u - 84 = -2*z, -8*z - b = -3*u - 12*z. What is the remainder when u is divided by 16?
6
Suppose -3*h - 9 = -4*r + 4, 2*r - 9 = -h. Suppose 5*b - 11 = -h, -2*b = 5*t - 264. What is the remainder when 464 is divided by t?
48
Let v be (((-284)/3)/(-2))/((-40)/(-60)). Suppose q + 4 = 0, q = -r + 4*q + v. Calculate the remainder when 647 is divided by r.
57
Let b(y) = -13*y - 558. What is the remainder when 2271 is divided by b(-47)?
45
Let j(u) = -u**2 - 24*u - 83. Let w be j(-10). Suppose -3*c + 6*c = w. What is the remainder when 72 is divided by c?
15
Let m = 194 - -4. Suppose m = 210*g - 201*g. Calculate the remainder when 61 is divided by g.
17
Let q = -65 + 86. Suppose q*p - 23*p = 12. Calculate the remainder when (-1 + (-2)/p)*(2 + -11) is divided by 3.
0
Let c(k) = 2*k**3 - 58*k**2 + 109*k + 4. Calculate the remainder when 260 is divided by c(27).
12
Suppose 66 = 3*n - 3*a + 27, 4*a + 12 = 0. Calculate the remainder when (-16)/(-28)*(-91)/(-2) is divided by n.
6
Let a(h) be the second derivative of h**5/20 + 23*h**4/12 + 6*h**2 + 16*h. What is the remainder when 10/65 - (-2154)/26 is divided by a(-23)?
11
Suppose 8*g + 18 = 9*g. What is the remainder when 107 is divided by (24/g)/(32/888)?
33
Let q be 1/(3/165 - 0/2). Let g = 96 - q. What is the remainder when g is divided by 21?
20
Suppose -5*s + 10 = -5*n, -3*s = -n + 5*n - 6. Suppose -14*b + 11*b + 3*r + 33 = n, 3*r + 6 = 0. Calculate the remainder when 26 is divided by b.
8
Let w = 13412 + -13382. What is the remainder when 2595 is divided by w?
15
Let x be (-2)/(0 + -2)*5. Suppose -x*z = -46 - 179. What is the remainder when 67 is divided by ((-775)/z + (-2)/(-9))*-1?
16
Let r = 2085 - 1918. Suppose 0*l - 2*l + 16 = 0. Calculate the remainder when r is divided by l.
7
Suppose 2675*f - 2659*f - 832 = 0. Let k = -24 - 21. Let h = -27 - k. What is the remainder when f is divided by h?
16
Let o(m) = 3*m + 37. Let z be o(-9). Suppose z*w = -32*w + 7518. What is the remainder when w is divided by 9?
8
Let n = 90 - 49. Suppose 0 = 4*f - 4*v - 640, v + 63 = 4*f - 574. What is the remainder when f is divided by n?
36
Calculate the remainder when -7 + (2/(-10) - (-71982)/135) is divided by 143.
97
What is the remainder when 564 is divided by 470/22 - ((-75)/(-825))/(1/4)?
18
Suppose -o - 6*m + 199 = 0, -4*o - 2*m - 2*m = -916. What is the remainder when 750 is divided by o?
45
Let m(c) = c + 54. Let y be m(31). Let k = -79 + y. Suppose -k*a + 765 - 159 = 0. What is the remainder when a is divided by 34?
33
Calculate the remainder when 4557 is divided by (-6 - (-5761)/98) + 33/154.
52
Let i = 88 - -2. What is the remainder when i is divided by (-1251)/(-54) + 8 - (-40)/48?
26
Suppose 0 = -3*q - 4*d + 124, 6*d = 4*q + 2*d - 128. Calculate the remainder when 74 is divided by 6/1 - (4 - q).
36
Suppose 13*k - 19307 = -5280. What is the remainder when k is divided by 338?
65
Suppose -n - 4*l = -78, -2*n = 4*l - 132 - 8. Calculate the remainder when 1236 is divided by n.
58
Let p = 275 + -272. Suppose 5*y + 5*t = 25, 4*y - 2*y = -p*t + 6. Calculate the remainder when 44 is divided by y.
8
Let k(d) = 2*d**2 + 15*d + 2. Let t be k(-11). Let z = 186 - t. Suppose -4*j - 3*h + 22 = -z, 0 = -5*h + 15. What is the remainder when 88 is divided by j?
28
Let v = 131 + -61. Suppose 5*m + v = -13*q + 18*q, -4*q + 51 = m. Calculate the remainder when 166 is divided by q.
10
Let l = 8121 - 8066. Let f = -9 - 7. Let i = f + 44. What is the remainder when l is divided by i?
27
Let v = -334 - -361. What is the remainder when v is divided by 1 + (-1)/(-1) + 16?
9
What is the remainder when (-2 - 7)*76/(-6) is divided by ((-15)/(-11) + (-32)/88)*1*39?
36
Suppose 24*q = 33*q - 5589. Suppose 947 = z + q. What is the remainder when z is divided by 82?
80
Suppose 11808 = 11449*m - 11367*m. Calculate the remainder when m is divided by 46.
6
Suppose -33*s + 1189 = -461. What is the remainder when 176 is divided by s?
26
Suppose -3*n = -116*y + 118*y - 43, -5*y + 140 = n. What is the remainder when 70 is divided by y?
12
Let p = -5044 - -9224. What is the remainder when p is divided by 41?
39
Suppose -5*o + 1385 = -0*o. Suppose -o - 233 = -5*g. What is the remainder when g is divided by 45?
12
Let g be (((-9)/2)/(-1))/(54/1368). Suppose -23*l = -26*l + g. Calculate the remainder when 189 is divided by l.
37
Let x = 146 - -78. Suppose -r + 62 = 5*s, 4*r + 0*s = 4*s + x. Calculate the remainder when r is divided by 42.
15
Let v(w) = -14*w**2 + 11*w + 13. Let u be v(-3). Let n = -32 - u. What is the remainder when n is divided by 30?
24
Suppose 174 - 64 = 2*o. Let h(s) = 13*s**2 - 14*s - 33. Let m be h(-2). Let i = o - m. Calculate the remainder when 93 is divided by i.
5
Suppose -5*p - 5*t + 298 + 237 = 0, 5*p + 4*t - 534 = 0. Calculate the remainder when p is divided by 14/4*72/9.
22
Let l(m) = -m**3 + 7*m**2 + 11*m - 12. Let a be l(8). Let i be -1 + (0 - 1) - -34 - 2. Calculate the remainder when a/i - 386/(-10) is divided by 10.
9
Let r be -231*-6*25/105. Suppose 10*s - r = -56*s. What is the remainder when s is divided by 4?
1
Let u = -3739 + 3802. What is the remainder when 297 is divided by u?
45
Let x be -3 + 3 - -80 - (1 - 0). Let t = -83 + x. What is the remainder when t/(-30) - (-12672)/135 is divided by 16?
14
Let n be (3 - 6) + 4 + -2 + 19. Let s = 88 + -86. Suppose -6 = -s*z + n. Calculate the remainder when 20 is divided by z.
8
Suppose -1334*n + 1320*n + 224 = 0. Calculate the remainder when 1183 is divided by n.
15
Let v = -711 + 1649. Let z = v - 908. Suppose g + 2*g = 63. What is the remainder when z is divided by g?
9
Calculate the remainder when 97 is divided by -13 - 1 - (-55 - 33).
23
Suppose 3*l = 14 + 31. What is the remainder when (-10)/30 + 9410/l is divided by 42?
39
Let f = -569 - -628. Suppose -g = -4*g + 24. Suppose g*q - 3*q = 60. What is the remainder when f is divided by q?
11
Suppose 43*s + 8016 = 46*s. Calculate the remainder when s is divided by 25.
22
Suppose -157*p + 131*p = -4628. Calculate the remainder when p is divided by 15.
13
Suppose 646*u - 7140 = 618*u. Calculate the remainder when u is divided by 32.
31
Let u = -296 - -316. Calculate the remainder when 6/u*-2 - (-28896)/210 is divided by 4.
1
Let l be 464/56 - 8 - (-2)/(-7). Suppose 4*o - 64 = -4*z, 4*z - z + o - 48 = l. What is the remainder when ((-7)/(-14))/(1/188) is divided by z?
14
Suppose -19*w = -5*w + 8*w - 27742. Calculate the remainder when 3787 is divided by w.
4
What is the remainder when 615 is divided by 8/40*(153 + -3)?
15
Suppose d = -d + 48. Suppose 354 = -512*x + 518*x. Calculate the remainder when 156 - x - -3*(-1)/1 is divided by d.
22
Let h = -29 + 37. Let u(t) = t**2 - 7*t - 17. Let a be u(h). Let v = a + 35. Calculate the remainder when v is divided by 17.
9
Suppose -14*a + 4667 = 677. Let y = -214 + a. Suppose 3*f - 66 = -3*i - 9, 5*f - 5 = i. Calculate the remainder when y is divided by i.
11
Suppose -188 = -t - 2*g, g + 859 = 4*t + 170. What is the remainder when t is divided by 37?
26
Let l be 1 - -1 - (-20)/4. Suppose 5 = -z + l. Suppose 0 = z*n + 4*o - 44, -3*n - 3*o = -n - 45. What is the remainder when 91 is divided by n?
19
Let v be (-1)/2 + 7/14. Suppose 5*m = 18 + 7. What is the remainder when 89 is divided by m + v + -1 - -19?
20
Let j = 428 - 132. Let t = -284 + j. What is the remainder when 236 is divided by t?
8
Let b = -4 + 7. Suppose 2*w - 17 = -3*m - 0*w, -11 = -b*m - 5*w. Let d = 9300 - 9298. Calculate the remainder when m is divid